2*l + 393. List the prime factors of l.
131
Let f(b) = b**3 - 6*b**2 + 14*b - 16. List the prime factors of f(8).
2, 7
Let f(n) = -8*n**3 - 5*n - 6. What are the prime factors of f(-3)?
3, 5
Let v(p) = 6*p + 3. Let i(a) = -1. Let n(x) = 6*i(x) + 2*v(x). What are the prime factors of n(1)?
2, 3
Let j(b) = b**2 + 4*b + 1. Let n be j(-8). Let p = n - 21. What are the prime factors of p?
2, 3
Suppose -3*j = -7*j. Suppose j = 4*y - 12, 2 = 2*l - 4*y - 4. What are the prime factors of l?
3
Suppose 48 = 4*i - 3*n - 96, 0 = 5*n. Suppose -4*m + 132 - i = 0. Suppose -x - 2*x = -m. List the prime factors of x.
2
Let w be 1/2*(-20)/5. List the prime factors of 8 + w/((-6)/9).
11
Let y(z) = z + 8. Let h be y(-6). Suppose -h*w + 12 = 2*w. Suppose -w*s = -0*t + 2*t - 39, s - t - 8 = 0. List the prime factors of s.
11
List the prime factors of (-318)/(-4) + 63/42.
3
Suppose -2*q + 5*k = 3*q - 40, 0 = 4*k + 8. Suppose 0*i = -3*i + q. Suppose -5*y + 42 = 4*s, 2*s + 5*y - i*y - 22 = 0. What are the prime factors of s?
2
Let z = 173 - 75. List the prime factors of z.
2, 7
Suppose -a - 24 = -4*a. What are the prime factors of a?
2
Let c = 10 + -8. Suppose -29 = -c*w + 41. What are the prime factors of w?
5, 7
Let v = 10 + -7. Let t(s) = -2 - s**2 - v*s - 4*s + s. List the prime factors of t(-5).
3
Suppose 2*n - 2 = -0*n. Let u(x) = -n + 7*x + 0*x**2 + 3 + x**3 + 7*x**2 - 3*x. What are the prime factors of u(-6)?
2, 7
Suppose 0 = -5*c - 0 + 10. Suppose 0 = 2*x + 3*i - 10, 14 = 4*x + 4*i - c. What are the prime factors of x?
2
Let t = 0 + -6. Let o = t - -10. Suppose 0*a + o*a = 60. What are the prime factors of a?
3, 5
Suppose -5*v + 2*v + 78 = 0. What are the prime factors of v?
2, 13
Let t = 54 - 31. Let i = t - 13. What are the prime factors of i?
2, 5
Let z(s) = 3*s - 1 + 2 - s. What are the prime factors of z(1)?
3
Let j(p) = 4*p - 4. Let s be j(4). Suppose h + s = 3*h. What are the prime factors of h?
2, 3
Let n = -8 - -8. Suppose n = b + b - 32. List the prime factors of b.
2
Let u = -10 - -7. Let v = u - -6. List the prime factors of v.
3
Let m be (1/(-1))/(1/(-2)). Suppose 0 = u + m*u - 9. What are the prime factors of u?
3
Suppose 255 = 2*v + 57. List the prime factors of v.
3, 11
List the prime factors of ((-2)/6)/((-4)/1932).
7, 23
Suppose 0 = 2*f + 1 - 5. Let i be (f/(-6))/(2/6). What are the prime factors of (-4)/((-8)/14) - i?
2
What are the prime factors of 2/7 + 4026/21?
2, 3
List the prime factors of ((-208)/12)/(4/(-6)).
2, 13
What are the prime factors of 98 - ((-2)/(-4) - 7/2)?
101
Let n be (-2)/(-8) - (-57)/12. Suppose -3*x - h - 2 = -x, 5*x = -3*h - n. Let o = x - -19. List the prime factors of o.
2, 3
Let y = 56 + -9. What are the prime factors of y?
47
Let u(v) = v**3 - 4*v**2 + v. Let i be u(4). Suppose 0 = 2*l - 2*b + 10, 0 = -3*l - l - 4*b - 12. Let p = i - l. List the prime factors of p.
2
Suppose 15 = 3*u, 97 + 156 = 4*j + 5*u. What are the prime factors of j?
3, 19
Let j = -1 + -3. List the prime factors of j/(4/(-9))*1.
3
Suppose -3*c + 3*t = 12, 7*c - 4*c + 8 = 2*t. Suppose 78 = -y + 4*y + 5*n, c = 4*n. What are the prime factors of y?
2, 13
Let s = -7 - -7. Suppose s = -5*x + u + 14, 2*x - 7 = -2*x + 5*u. Suppose x*c - 4*c = -3. List the prime factors of c.
3
Let r = 1278 - 903. What are the prime factors of r?
3, 5
Let b = -94 + 249. What are the prime factors of b?
5, 31
Suppose h = -2*f + 30, 5*f + 0*f - 75 = -4*h. List the prime factors of f.
3, 5
Let z(w) = -9*w - 2. Let g be z(-11). Suppose 3*o - g = -5*s - 0*o, 0 = 2*s - 4*o - 18. List the prime factors of s.
17
Suppose 108 = 7*k - 3*k. List the prime factors of k.
3
Let u(a) = -a + 22. Let p(x) = x**2 + 12*x + 15. Let l be p(-12). List the prime factors of u(l).
7
Let v = 39 + 148. List the prime factors of v.
11, 17
Suppose -40 - 72 = -j. What are the prime factors of j?
2, 7
Let u be (-2)/(3 - (-17)/(-5)). Suppose -u*q = -4*p + 45 - 12, -2*q = 5*p - 66. List the prime factors of p.
2, 3
Let p(f) = 0*f - f + 4*f - 1. What are the prime factors of p(5)?
2, 7
Let c(a) = -a**2 - 5*a - 2. Let t be c(-3). Suppose -3*m - 10 + 34 = -2*b, 2*b - 32 = -t*m. List the prime factors of m.
2
Let d be -1*(-1 + -33)*1. Let f = 27 + d. Suppose 3*p - 49 = 4*o, 3*p - 3*o = -16 + f. What are the prime factors of p?
11
Suppose 5*t = 29 + 121. Let i = t - 42. Let s = 20 + i. List the prime factors of s.
2
Let i = 179 - 105. What are the prime factors of i?
2, 37
Let z = -206 + 304. What are the prime factors of z?
2, 7
What are the prime factors of ((-88)/10)/((-4)/10)?
2, 11
Suppose -3 = 5*s - 253. What are the prime factors of s?
2, 5
Let m(p) = p**3 + 6*p**2 + 4*p - 1. What are the prime factors of m(-3)?
2, 7
Suppose -p = 3*p - 124. What are the prime factors of p?
31
Let a(o) = o - 6. Let f be a(-5). Let s = 43 + -26. Let p = f + s. List the prime factors of p.
2, 3
Let x be 1 - (8 - (-6)/(-2)). Let w = 7 + x. What are the prime factors of w?
3
Suppose t = 7*t + 336. Let n = -28 - t. What are the prime factors of n?
2, 7
What are the prime factors of (-744)/(-22) + (-8)/(-44)?
2, 17
Let h = 159 + -85. What are the prime factors of h?
2, 37
Suppose -4*r + 2*j + 4 = -16, -3*r - 5*j + 28 = 0. What are the prime factors of r?
2, 3
Suppose j - 2 = -7, -g + 5*j = -24. Let x(y) = 2*y**2 - y - 1. List the prime factors of x(g).
2
Let z(d) = d**3 - 6*d**2 - 8*d + 6. Let p be z(7). Let y = p + 15. List the prime factors of y.
2, 7
Let v = -54 + 162. Suppose -v + 36 = -2*u. List the prime factors of u.
2, 3
Let j be -5 - -7 - -1*64. Suppose 34 = 5*y - j. What are the prime factors of y?
2, 5
Suppose 21*v - 1757 - 700 = 0. List the prime factors of v.
3, 13
Suppose -39 = -2*r - u - 3, 5*r + 5*u - 90 = 0. List the prime factors of r.
2, 3
Let z = -186 + 305. List the prime factors of z.
7, 17
Let t = 55 - 20. List the prime factors of t.
5, 7
Let b(n) = 22*n**2 + n - 2. Let z be b(1). Suppose -10*c + z = -9*c. What are the prime factors of c?
3, 7
Let v = 162 + -244. What are the prime factors of (-2)/8 - v/8?
2, 5
Let p(d) = d**2 + 3*d + 3. Let k be p(-2). Let c be -1 - k - 0 - 0. List the prime factors of c/(-4) - (-23)/2.
2, 3
Let n(j) = -j**2 + 1 - j**3 - 1 + 8 + 0*j**3. Let g(s) = -s**2 - 5*s. Let a be g(-5). List the prime factors of n(a).
2
Suppose k - 2*v - 48 = 45, -2*k - 5*v + 231 = 0. List the prime factors of k.
103
Suppose 5*g - 2*v + 5 = 0, 4*g + 3*v + 14 + 13 = 0. Let a = 5 + g. List the prime factors of (-1)/((6/(-27))/a).
3
Let p be 15688/28 - (-4)/(-14). List the prime factors of (12/(-10))/((-21)/p).
2
Let i(w) = w**2 + 3*w - 1. List the prime factors of i(-9).
53
Suppose -4*q + 16 = -16. Suppose -x = -3*l + 3*x + 2, -2*x = -q. Let w(h) = h**2 - 5*h + 1. What are the prime factors of w(l)?
7
Let q = 87 - 36. List the prime factors of q.
3, 17
Suppose -2*p - 2*p - 4*b = 12, 5*b = -25. Suppose 3*h = -3*j + 33, -5*j + 5*h + 26 = -39. Suppose c - j = -p*c. List the prime factors of c.
2
Suppose 0 = 4*v - 4*h - 108, 12 = -5*h - 3. Suppose -d = -4*j - 1, 2*j - 3*j + 5*d - v = 0. Suppose s - 2 - j = 0. List the prime factors of s.
3
Suppose -6 = -4*q + 2. Suppose 12 - q = 5*a. Suppose -50 = -a*g - 3*g. What are the prime factors of g?
2, 5
Let t = 38 + -6. List the prime factors of t.
2
Suppose -4*b + 6*z = z, -5*z + 15 = -b. Suppose q = -3 - 1, -b*q = k + 7. What are the prime factors of k?
13
Let x(g) be the second derivative of -1/2*g**3 + 2*g - 5/2*g**2 + 0. List the prime factors of x(-4).
7
Let s = -3 - -3. Let d = -4 + s. What are the prime factors of 0 + (-6)/d*6?
3
Let a = 122 - 84. What are the prime factors of a?
2, 19
Suppose -5*t - 13 = -38. Suppose a + 26 = -5*c - 37, -t*c = -4*a + 48. List the prime factors of ((-136)/c)/((-4)/(-6)).
17
Let a(z) = -z - 33 + 21 + 14. Let o = 3 - 3. What are the prime factors of a(o)?
2
Suppose -4*u = 2*a + 15 - 63, -5*a + 131 = -u. List the prime factors of a.
2, 13
Suppose 2*j = -j + 15. Let q = j - 5. Let v = q - -15. What are the prime factors of v?
3, 5
Let c(u) = -36*u**3 - u**2 - 2*u - 1. Let t = -20 - -19. List the prime factors of c(t).
2, 3
Let c(l) = l**2 + 7*l - 6. Let n be c(-8). Suppose n*x = -0*x + 20. List the prime factors of x.
2, 5
Let s(x) = -x**3 - x**2 - x + 173. Let d be s(0). Suppose -4*o = -d + 37. Suppose -2*t + o